ppose -5*k + 9 + 11 = 0. Suppose z + 2*i = -1 - 0, k*i + 4 = 0. What is the units digit of z?
1
Let k be (0 - 1)*9 - -2. Suppose 0 = -i - 3*l - 1 - 11, -2*i + 20 = -5*l. What is the units digit of i + (-6)/3 - k?
5
Let y(n) = -2*n - 6. Let f be y(-4). Suppose -z + 0 + 3 = 0. Suppose -2*u = 4*v - f - 6, -4*v - z*u = -10. What is the units digit of v?
1
Let b = 7 - 5. Let o = b - -4. Let f(s) = s + 6. What is the units digit of f(o)?
2
Let d(z) = z**3 - 6*z**2 - 6*z - 2. Let s be d(7). Suppose 0 = -2*i - s + 1. Let n(h) = -h - 1. What is the units digit of n(i)?
1
Let a = 11 + 48. What is the tens digit of a?
5
Let n(u) = 19*u - 8. What is the units digit of n(7)?
5
Let b(m) = -m**2 - 9*m - 4. Suppose -6 = -p - 4*a, 3*a = 4*p + 47 - 14. What is the units digit of b(p)?
4
Suppose 3*d + d = -4*h + 16, -4*h - 2 = -2*d. Suppose w + d*p + 3 - 2 = 0, 3*w = 3*p + 45. What is the tens digit of w?
1
Let c = 92 + -56. What is the units digit of c?
6
Let x(w) be the first derivative of 9*w**5/20 + w**3/6 - 3*w + 2. Let k(i) be the first derivative of x(i). What is the tens digit of k(1)?
1
Let i be 6/9 + (-70)/(-3). What is the tens digit of (-100)/15*i/(-10)?
1
Suppose 5*p - u + 63 - 201 = 0, 0 = -3*p + 2*u + 80. What is the tens digit of p?
2
Let d(k) be the second derivative of 0 - 1/6*k**3 - 3*k**2 + 3*k. What is the units digit of d(-7)?
1
What is the units digit of (534/(-8))/((-18)/24)?
9
Let i(s) = s**3 - 6*s**2 + 5*s - 4. Let f be i(6). Suppose -3*c = -2*r - 34 + 8, -2*c + f = 3*r. What is the units digit of c?
0
Suppose -4*b + r - 16 = -0*b, -13 = b + 2*r. Let f = 11 + b. What is the units digit of f?
6
Suppose 0 = 4*b + 31 + 1. Let h(m) = m**3 - m. Let p(y) = -3*y**3 - 7*y**2 + 8*y - 11. Let f(v) = 2*h(v) + p(v). What is the units digit of f(b)?
5
Let d(q) = q**2 - 6*q + 8. What is the units digit of d(6)?
8
Suppose -5*y + 27 - 7 = 0. Let a(h) = 5*h + 4. Let j be a(y). Suppose -4*v + j + 12 = 0. What is the units digit of v?
9
Let b(n) = -4*n - 5*n - 1 - 6*n. What is the tens digit of b(-1)?
1
Let i be (-2)/(14/(-10) + 1). Let h(s) be the second derivative of -s**5/20 + s**4/3 + 2*s**3/3 + 7*s**2/2 + 16*s. What is the units digit of h(i)?
2
Let g be 66/4 + (-9)/18. Suppose 3*s - 126 = b, -5*b + g = -s + 58. What is the tens digit of s?
4
Let w(n) be the second derivative of -n**3/6 + 3*n**2/2 - 3*n. What is the units digit of w(-2)?
5
What is the units digit of (3 - (0 + 0)) + 25?
8
Suppose 22 = 2*g - 4*o, 3*g + o - 3 = -3*o. What is the units digit of g?
5
Let w(p) = -4*p**2 + 2*p - 3. Let y be w(4). Let b = y + 102. What is the tens digit of b?
4
Let r(y) = 21*y**3 - 2*y + 1. Let l be r(1). Suppose -l = k - 6*k. What is the units digit of k?
4
Let t = 8 + -7. Let c(w) = 10*w**3 - w**2 + w. What is the tens digit of c(t)?
1
Suppose 69 = 6*n - 27. What is the tens digit of n?
1
What is the units digit of 4/(1 + 3)*6?
6
Let r(h) be the second derivative of -h**5/20 + h**3/6 + h**2/2 - h. Let n = -19 - -19. What is the units digit of r(n)?
1
Let f = -4 + 1. What is the tens digit of 2 - (3 - -21)/f?
1
Suppose y - 12 = -2*y, 0 = 3*p - 5*y - 490. What is the units digit of p?
0
Suppose -2*s = s - 6. Suppose 0 = 4*f - s - 10. Suppose 0 = -f*q - 3, 2*o - 21 = -0*o + 5*q. What is the units digit of o?
8
Let j(w) = -2*w**3 - 4*w**2 + w + 3. Let a be j(-3). Suppose 3*v - a = -d, 2*d + 31 = v + 95. What is the units digit of (-6)/21 - d/(-7)?
4
Suppose 2*b - 4*s = 162, -b - s + 51 = 3*s. What is the tens digit of b?
7
Let p = -10 + 26. Suppose 0 = 5*t - 1 + p. What is the tens digit of (4*t - -1)/(-1)?
1
Let p(i) = i**3 - 7*i**2 + 8*i - 9. Let l be p(6). Let a be (30/(-4))/l*-2. Suppose 40 = a*g - t + 6*t, -2*t - 14 = -3*g. What is the units digit of g?
6
Let g(n) = -n**3 - 5*n**2 + 3*n + 4. Let v be g(-4). What is the units digit of 2/((v/15)/(-4))?
5
Let f(c) be the third derivative of c**4/24 - 5*c**3/3 - 2*c**2. Let s(g) = 3*g - 30. Let o(d) = 11*f(d) - 4*s(d). What is the units digit of o(7)?
3
Suppose 6*u - 45 = u. Suppose -43 = -2*y - u. What is the tens digit of y?
1
Let r(v) = 6 - 1 - 5*v + 2 - v**2. Let z be r(-7). Let c = 12 + z. What is the units digit of c?
5
Let d(r) = -r**2 - r + 1. Let a(h) = h**2 - 6*h - 1. Let x(s) = a(s) + 2*d(s). Let q be (36/15)/((-6)/20). What is the units digit of x(q)?
1
Let z(f) = f + 20. Let i be z(-11). Suppose -i = -j - 2. What is the units digit of j?
7
Let t(g) = g + 12. Let y be t(-5). Suppose 5*b = 3*q + y, -2*b - 2*q + 3 = -3*q. What is the units digit of b?
2
Suppose -48 - 50 = -14*d. What is the units digit of d?
7
Suppose -44*g + 38*g + 1248 = 0. What is the hundreds digit of g?
2
Let u(z) = z**3 + 9*z**2 - 2*z + 9. What is the tens digit of u(-9)?
2
Suppose 3*w + 4*n = 163, -3*w = w + 2*n - 224. Suppose 3 + w = 3*b. Suppose -3*d + 3*i - b = -62, -3*d + 39 = -2*i. What is the units digit of d?
1
Let d(a) = -3*a + 1. Let k be d(-3). Let q be 1 + 1 + (k - 1). Let w = q + -6. What is the units digit of w?
5
Let o = -20 - -48. Suppose -o = -2*g - 2*g. What is the units digit of g?
7
Suppose 5*p = -p + 114. What is the tens digit of p?
1
Suppose 4*l = l + 360. Suppose l = 7*o - 2*o. What is the units digit of o?
4
What is the tens digit of 0 - (-128 - 1) - -1?
3
Let r(o) = -o**3 + 8*o**2 + 2. Let f be r(8). Let z(y) = 2 - 3*y**f + 7 + 4 + 4*y**2. What is the units digit of z(0)?
3
Let a(u) = 3*u - 1. Let n be a(-1). Let m = 5 + n. What is the tens digit of (-105)/(-10) + m/2?
1
Let l(v) = -v**3 + 8*v**2 - 4*v - 4. Let j(t) = -6*t**3 - 2*t - 1. Let n be j(-1). What is the units digit of l(n)?
7
Let g(v) = -v**2 - 9*v + 5. Let q be g(-9). Let l be (q + -1)/((-1)/2). What is the tens digit of 6/4 - 76/l?
1
Let n(c) = -6*c - 24. What is the units digit of n(-8)?
4
Let k(t) = 3*t**2 - 2*t + 1. Let v(o) = -o**2 + 4*o + 5. Let d be v(4). Suppose 4*q - 2*q = -4*n, -d*q - 2*n - 8 = 0. What is the tens digit of k(q)?
1
Let q = -49 + 1. Let z = q - -70. What is the units digit of z?
2
Let n(h) = h + 11. Let l be (2 - (11 - 3)) + -2. Let z be n(l). Suppose 9 - z = 3*x. What is the units digit of x?
2
Let t(x) = x**3 - 2*x**2 - 8*x + 4. What is the units digit of t(5)?
9
Suppose 4*i - 4*b = 64, 4*i - 73 = -0*i + b. Suppose p - 3*p - 20 = -4*q, 4*p = 3*q - 30. Let t = i + p. What is the tens digit of t?
1
Let q(b) = -b**3 + 6*b**2 + 8*b - 5. Let f be q(7). What is the tens digit of 10/(-15)*(-57)/f?
1
Let t be 1 + -7 + 3 - -11. What is the units digit of (26/t)/((-1)/(-4))?
3
Let m = 10 - 6. Suppose 45 = m*x - x. What is the units digit of x?
5
Let l = -66 - -117. What is the tens digit of l?
5
Let h(k) = -k**3 - 12*k**2 - 11*k - 5. Let m be h(-11). Suppose 2*c + c + 4*i = 27, -c = 3*i - 9. Let b = m + c. What is the units digit of b?
4
Suppose 4*q + q - 20 = 0. Suppose q*t - 4*j - 19 = 53, -2*t + 4*j = -36. What is the tens digit of t?
1
Let x(s) = s**2 - 14*s + 17. Let j(n) = -n + 1. Let f(h) = -5*j(h) + x(h). Let c = -3 - -12. What is the tens digit of f(c)?
1
Let b be 4*2*4/(-8). Let t be (-3)/(2*1/b). Suppose 0 = -t*p + 2*p + 20. What is the units digit of p?
5
Suppose -2*f + 25 = -3*y + 8, 2*f = y + 15. Suppose -52 = 3*i - f*i. What is the tens digit of i?
1
Suppose -3*f = 7 + 8. Let t = f + 6. What is the units digit of t?
1
Suppose 0 = l + 4. Let s be l - -1*(-6)/2. Let r(x) = -x**3 - 8*x**2 - 7*x + 8. What is the units digit of r(s)?
8
Let v be (-1 - -2 - 0) + 1. Suppose 5 = v*u - 1. Suppose -k - t = 3*k - 30, 4*k + u*t - 34 = 0. What is the units digit of k?
7
Suppose -5*v = -2*z + 13, -3*z - v + 15 = -13. What is the units digit of z?
9
Suppose 4*p = -1628 - 852. What is the tens digit of p/(-36) - (-4)/(-18)?
1
Suppose -3*h - 2*s + 153 = -47, 3*h - 2*s - 184 = 0. Suppose 0 = 4*n + 20, 4*u - u - h = 2*n. What is the units digit of u?
8
What is the units digit of 1 + 7/(-4) - (-1075)/20?
3
Let l(h) = -h**2 - 10*h + 12. Let w be l(-6). Suppose 10*o - 14*o + w = 0. What is the units digit of o?
9
Let m(y) = -12*y**2 - 3*y - 3. Let h be m(-2). Let n = 87 + h. What is the tens digit of n?
4
Suppose x - 3*f = 38, 0*f - 140 = -5*x + 5*f. What is the units digit of x?
3
Suppose 0 = 5*f - 168 - 67. What is the tens digit of f?
4
Let c(h) = -h**2 + 21*h + 12. What is the units digit of c(13)?
6
Let g = 556 + -312. W